{"id":12017,"date":"2017-10-26T14:58:46","date_gmt":"2017-10-26T13:58:46","guid":{"rendered":"http:\/\/zff.hr\/industry\/pitching-forum-industrije-mladost\/"},"modified":"2025-04-09T10:35:52","modified_gmt":"2025-04-09T09:35:52","slug":"industry-youth-pitching-forum","status":"publish","type":"page","link":"https:\/\/2024.zff.hr\/en\/industry-youth-pitching-forum\/","title":{"rendered":"Industry Youth! Pitching Forum"},"content":{"rendered":"","protected":false},"excerpt":{"rendered":"","protected":false},"author":3,"featured_media":43077,"parent":0,"menu_order":0,"comment_status":"closed","ping_status":"closed","template":"","meta":{"_acf_changed":false,"footnotes":""},"class_list":["post-12017","page","type-page","status-publish","has-post-thumbnail","hentry"],"acf":[],"aioseo_notices":[],"acf_fields":{"page_builder":true,"blocks":[{"acf_fc_layout":"header","id":"","image":43077,"video":false,"loop_video":false,"breadcrumbs":true,"lead":"<h1>Industry Youth! Pitching Forum<\/h1>\n","speed":"1","overlay":""},{"acf_fc_layout":"section","id":"","title":"","subtitle":"","lead":"<p style=\"text-align: center;\"><b>9\/11 | SATURDAY | 10:00 \u2013 12:00 | DOKUKINO KIC<\/b><b><\/b><\/p>\n<p>&nbsp;<\/p>\n<p style=\"text-align: center;\"><b>language: english<\/b><b><br \/>\n<\/b><b>open to the public<\/b><\/p>\n<p style=\"text-align: center;\"><b>Industry Youth! Pitching Forum<\/b><\/p>\n<p>&nbsp;<\/p>\n<p><span style=\"font-weight: 400;\">The rich ZFF Industry programs usually focus on training for more mature film professionals. However, we also launched a separate student grants program called Industry Youth!. In collaboration with film academies from the region, the program offers festival attendance grants to two students from each of the academies. In a collaboration between the Zagreb Film Festival Industry program and six film academies from the region \u2013 from Belgrade, Ljubljana, Nova Gorica, Sarajevo, Podgorica, and Zagreb \u2013 12 students and their 6 projects have been selected to participate in developing their short fiction films in intensive preparatory workshops.<\/span><\/p>\n<p><span style=\"font-weight: 400;\">The Industry Youth! program will conclude with a pitching forum for student projects in which young screenwriters and directors will be given the opportunity to present their projects to a panel of experts, who will reward the best project with services of their studios. The pitching participants will have seven minutes for the presentation and seven minutes for Q&amp;As.<\/span><\/p>\n<p>&nbsp;<\/p>\n<p><b>WORKSHOP MENTORS:\u00a0<\/b><b>\u010cedomir Kolar, Inja Kora\u0107, Lana Mati\u0107<\/b><\/p>\n","custom_css_toggle":false,"custom_css":"","content":[{"acf_fc_layout":"grid","columns":[{"number":"Panel member","title":"\u010cedomir Kolar (A.S.A.P. Films)","description":""},{"number":"Panel member","title":"Tomislav Vujnovi\u0107 (Vizije)","description":""}]},{"acf_fc_layout":"grid","columns":[{"number":"POLAZNICI","title":"","description":"<p><b>Academy of Dramatic Art in Zagreb (ADU)<\/b><\/p>\n<p><span style=\"font-weight: 400;\">Klara Vlahovski, Kruno Trnini\u0107 (<\/span><i><span style=\"font-weight: 400;\">Deklica<\/span><\/i><span style=\"font-weight: 400;\"> \/ <\/span><i><span style=\"font-weight: 400;\">Filly<\/span><\/i><span style=\"font-weight: 400;\">)<\/span><\/p>\n<p>&nbsp;<\/p>\n<p><b>Academy of Theatre, Radio, Film and Television in Ljubljana (AGRFT)<\/b><\/p>\n<p><span style=\"font-weight: 400;\">Lara \u0160ifrer, Gala Atanasova (<\/span><i><span style=\"font-weight: 400;\">Dok gledam<\/span><\/i><span style=\"font-weight: 400;\"> \/ <\/span><i><span style=\"font-weight: 400;\">As I Observe<\/span><\/i><span style=\"font-weight: 400;\">)<\/span><\/p>\n<p>&nbsp;<\/p>\n<p><b>Academy of Performing Arts in Sarajevo (ASU)<\/b><\/p>\n<p><span style=\"font-weight: 400;\">Zoja Perovi\u0107, Edna Krasni\u0107 (<\/span><i><span style=\"font-weight: 400;\">U utrobi<\/span><\/i><span style=\"font-weight: 400;\"> \/ <\/span><i><span style=\"font-weight: 400;\">In Uterus<\/span><\/i><span style=\"font-weight: 400;\">)<\/span><\/p>\n<p>&nbsp;<\/p>\n<p><b>Faculty of Dramatic Arts in Belgrade (FDU Beograd)<\/b><\/p>\n<p><span style=\"font-weight: 400;\">Tamara Toma\u0161evi\u0107, Adem Tuti\u0107 (<\/span><i><span style=\"font-weight: 400;\">Vera ve\u010dna<\/span><\/i><span style=\"font-weight: 400;\"> \/ <\/span><i><span style=\"font-weight: 400;\">Vera, the Eternal One<\/span><\/i><span style=\"font-weight: 400;\">)<\/span><\/p>\n<p>&nbsp;<\/p>\n<p><b>University of Nova Gorica School of Arts (UNG AU)<\/b><\/p>\n<p><span style=\"font-weight: 400;\">Mete Arkin, Vuka\u0161in Pani\u0107 (<\/span><i><span style=\"font-weight: 400;\">DEPT<\/span><\/i><span style=\"font-weight: 400;\">)<\/span><\/p>\n"},{"number":"","title":"","description":""},{"number":"","title":"","description":""}]}]},{"acf_fc_layout":"section","id":"","title":"","subtitle":"","lead":"<p><a href=\"https:\/\/2024.zff.hr\/wp-content\/uploads\/2024\/10\/Capture-300x208.jpg\"><img loading=\"lazy\" decoding=\"async\" class=\"wp-image-43091 alignleft\" src=\"https:\/\/2024.zff.hr\/wp-content\/uploads\/2024\/10\/Capture-300x208.jpg\" alt=\"\" width=\"95\" height=\"66\" srcset=\"https:\/\/2024.zff.hr\/wp-content\/uploads\/2024\/10\/Capture-300x208.jpg 300w, https:\/\/2024.zff.hr\/wp-content\/uploads\/2024\/10\/Capture-160x111.jpg 160w, https:\/\/2024.zff.hr\/wp-content\/uploads\/2024\/10\/Capture.jpg 523w\" sizes=\"(max-width: 95px) 100vw, 95px\" \/><\/a><a href=\"https:\/\/2024.zff.hr\/wp-content\/uploads\/2024\/10\/ADU-logo-crni-TRANSP-1.png\"><img loading=\"lazy\" decoding=\"async\" class=\"wp-image-43081 alignleft\" src=\"https:\/\/2024.zff.hr\/wp-content\/uploads\/2024\/10\/ADU-logo-crni-TRANSP-1.png\" alt=\"\" width=\"96\" height=\"77\" srcset=\"https:\/\/2024.zff.hr\/wp-content\/uploads\/2024\/10\/ADU-logo-crni-TRANSP-1.png 249w, https:\/\/2024.zff.hr\/wp-content\/uploads\/2024\/10\/ADU-logo-crni-TRANSP-1-160x129.png 160w\" sizes=\"(max-width: 96px) 100vw, 96px\" \/><\/a><a href=\"https:\/\/2024.zff.hr\/wp-content\/uploads\/2024\/10\/AGRFT-Black-300x133.png\"><img loading=\"lazy\" decoding=\"async\" class=\"wp-image-43083 alignleft\" src=\"https:\/\/2024.zff.hr\/wp-content\/uploads\/2024\/10\/AGRFT-Black-300x133.png\" alt=\"\" width=\"99\" height=\"44\" srcset=\"https:\/\/2024.zff.hr\/wp-content\/uploads\/2024\/10\/AGRFT-Black-300x133.png 300w, https:\/\/2024.zff.hr\/wp-content\/uploads\/2024\/10\/AGRFT-Black-1024x453.png 1024w, https:\/\/2024.zff.hr\/wp-content\/uploads\/2024\/10\/AGRFT-Black-768x340.png 768w, https:\/\/2024.zff.hr\/wp-content\/uploads\/2024\/10\/AGRFT-Black-1536x680.png 1536w, https:\/\/2024.zff.hr\/wp-content\/uploads\/2024\/10\/AGRFT-Black-2048x907.png 2048w, https:\/\/2024.zff.hr\/wp-content\/uploads\/2024\/10\/AGRFT-Black-160x71.png 160w\" sizes=\"(max-width: 99px) 100vw, 99px\" \/><\/a><a href=\"https:\/\/2024.zff.hr\/wp-content\/uploads\/2024\/10\/FDU-Beograd_logo-300x300.jpeg\"><img loading=\"lazy\" decoding=\"async\" class=\"wp-image-43085 alignleft\" src=\"https:\/\/2024.zff.hr\/wp-content\/uploads\/2024\/10\/FDU-Beograd_logo-300x300.jpeg\" alt=\"\" width=\"86\" height=\"86\" srcset=\"https:\/\/2024.zff.hr\/wp-content\/uploads\/2024\/10\/FDU-Beograd_logo-300x300.jpeg 300w, https:\/\/2024.zff.hr\/wp-content\/uploads\/2024\/10\/FDU-Beograd_logo-150x150.jpeg 150w, https:\/\/2024.zff.hr\/wp-content\/uploads\/2024\/10\/FDU-Beograd_logo-768x768.jpeg 768w, https:\/\/2024.zff.hr\/wp-content\/uploads\/2024\/10\/FDU-Beograd_logo-160x160.jpeg 160w, https:\/\/2024.zff.hr\/wp-content\/uploads\/2024\/10\/FDU-Beograd_logo.jpeg 900w\" sizes=\"(max-width: 86px) 100vw, 86px\" \/><\/a><a href=\"https:\/\/2024.zff.hr\/wp-content\/uploads\/2024\/10\/UNG_Nova-Gorica-300x225.webp\"><img loading=\"lazy\" decoding=\"async\" class=\"wp-image-43089 alignleft\" src=\"https:\/\/2024.zff.hr\/wp-content\/uploads\/2024\/10\/UNG_Nova-Gorica-300x225.webp\" alt=\"\" width=\"95\" height=\"71\" srcset=\"https:\/\/2024.zff.hr\/wp-content\/uploads\/2024\/10\/UNG_Nova-Gorica-300x225.webp 300w, https:\/\/2024.zff.hr\/wp-content\/uploads\/2024\/10\/UNG_Nova-Gorica-768x576.webp 768w, https:\/\/2024.zff.hr\/wp-content\/uploads\/2024\/10\/UNG_Nova-Gorica-160x120.webp 160w, https:\/\/2024.zff.hr\/wp-content\/uploads\/2024\/10\/UNG_Nova-Gorica.webp 866w\" sizes=\"(max-width: 95px) 100vw, 95px\" \/><\/a><\/p>\n","custom_css_toggle":false,"custom_css":"","content":false}]},"_links":{"self":[{"href":"https:\/\/2024.zff.hr\/en\/wp-json\/wp\/v2\/pages\/12017"}],"collection":[{"href":"https:\/\/2024.zff.hr\/en\/wp-json\/wp\/v2\/pages"}],"about":[{"href":"https:\/\/2024.zff.hr\/en\/wp-json\/wp\/v2\/types\/page"}],"author":[{"embeddable":true,"href":"https:\/\/2024.zff.hr\/en\/wp-json\/wp\/v2\/users\/3"}],"replies":[{"embeddable":true,"href":"https:\/\/2024.zff.hr\/en\/wp-json\/wp\/v2\/comments?post=12017"}],"version-history":[{"count":3,"href":"https:\/\/2024.zff.hr\/en\/wp-json\/wp\/v2\/pages\/12017\/revisions"}],"predecessor-version":[{"id":43094,"href":"https:\/\/2024.zff.hr\/en\/wp-json\/wp\/v2\/pages\/12017\/revisions\/43094"}],"wp:featuredmedia":[{"embeddable":true,"href":"https:\/\/2024.zff.hr\/en\/wp-json\/wp\/v2\/media\/43077"}],"wp:attachment":[{"href":"https:\/\/2024.zff.hr\/en\/wp-json\/wp\/v2\/media?parent=12017"}],"curies":[{"name":"wp","href":"https:\/\/api.w.org\/{rel}","templated":true}]}}

<p style="text-align: center;"><b>9/11 | SATURDAY | 10:00 – 12:00 | DOKUKINO KIC</b><b></b></p>
<p>&nbsp;</p>
<p style="text-align: center;"><b>language: english</b><b><br />
</b><b>open to the public</b></p>
<p style="text-align: center;"><b>Industry Youth! Pitching Forum</b></p>
<p>&nbsp;</p>
<p><span style="font-weight: 400;">The rich ZFF Industry programs usually focus on training for more mature film professionals. However, we also launched a separate student grants program called Industry Youth!. In collaboration with film academies from the region, the program offers festival attendance grants to two students from each of the academies. In a collaboration between the Zagreb Film Festival Industry program and six film academies from the region – from Belgrade, Ljubljana, Nova Gorica, Sarajevo, Podgorica, and Zagreb – 12 students and their 6 projects have been selected to participate in developing their short fiction films in intensive preparatory workshops.</span></p>
<p><span style="font-weight: 400;">The Industry Youth! program will conclude with a pitching forum for student projects in which young screenwriters and directors will be given the opportunity to present their projects to a panel of experts, who will reward the best project with services of their studios. The pitching participants will have seven minutes for the presentation and seven minutes for Q&amp;As.</span></p>
<p>&nbsp;</p>
<p><b>WORKSHOP MENTORS: </b><b>Čedomir Kolar, Inja Korać, Lana Matić</b></p>

Čedomir Kolar (A.S.A.P. Films)

Tomislav Vujnović (Vizije)

<p><b>Academy of Dramatic Art in Zagreb (ADU)</b></p>
<p><span style="font-weight: 400;">Klara Vlahovski, Kruno Trninić (</span><i><span style="font-weight: 400;">Deklica</span></i><span style="font-weight: 400;"> / </span><i><span style="font-weight: 400;">Filly</span></i><span style="font-weight: 400;">)</span></p>
<p>&nbsp;</p>
<p><b>Academy of Theatre, Radio, Film and Television in Ljubljana (AGRFT)</b></p>
<p><span style="font-weight: 400;">Lara Šifrer, Gala Atanasova (</span><i><span style="font-weight: 400;">Dok gledam</span></i><span style="font-weight: 400;"> / </span><i><span style="font-weight: 400;">As I Observe</span></i><span style="font-weight: 400;">)</span></p>
<p>&nbsp;</p>
<p><b>Academy of Performing Arts in Sarajevo (ASU)</b></p>
<p><span style="font-weight: 400;">Zoja Perović, Edna Krasnić (</span><i><span style="font-weight: 400;">U utrobi</span></i><span style="font-weight: 400;"> / </span><i><span style="font-weight: 400;">In Uterus</span></i><span style="font-weight: 400;">)</span></p>
<p>&nbsp;</p>
<p><b>Faculty of Dramatic Arts in Belgrade (FDU Beograd)</b></p>
<p><span style="font-weight: 400;">Tamara Tomašević, Adem Tutić (</span><i><span style="font-weight: 400;">Vera večna</span></i><span style="font-weight: 400;"> / </span><i><span style="font-weight: 400;">Vera, the Eternal One</span></i><span style="font-weight: 400;">)</span></p>
<p>&nbsp;</p>
<p><b>University of Nova Gorica School of Arts (UNG AU)</b></p>
<p><span style="font-weight: 400;">Mete Arkin, Vukašin Panić (</span><i><span style="font-weight: 400;">DEPT</span></i><span style="font-weight: 400;">)</span></p>
